{"id":7,"date":"2015-11-12T10:37:54","date_gmt":"2015-11-12T09:37:54","guid":{"rendered":"http:\/\/dev.msh-vdl.fr\/clinique\/?page_id=7"},"modified":"2023-02-06T18:22:19","modified_gmt":"2023-02-06T17:22:19","slug":"une-innovation-pedagogique","status":"publish","type":"page","link":"https:\/\/cjde.univ-tours.fr\/index.php\/une-innovation-pedagogique\/","title":{"rendered":"Qui sommes-nous ?"},"content":{"rendered":"<div class=\"entry-content\">\n<p class=\"p1\" style=\"text-align: justify;\"><strong>Les \u00e9tudiant(e)s :<\/strong><\/p>\n<p class=\"p1\" style=\"text-align: justify;\">Issu(e)s du <a href=\"http:\/\/master-juriste-europeen.univ-tours.fr\/accueil\/\">Master II Juriste europ\u00e9en<\/a>, les \u00e9tudiant(e)s de la CJDE sont s\u00e9lectionn\u00e9(e)s\u00a0sur dossier (CV et lettre de motivation) puis entretien. Au-del\u00e0 du strict contr\u00f4le des comp\u00e9tences, l&rsquo;objectif de ces s\u00e9lections est de permettre aux \u00e9tudiant(e)s de montrer\u00a0leur compr\u00e9hension des cliniques, leur capacit\u00e9 \u00e0 travailler en groupe sur un projet de long terme dans un esprit de collaboration et d&rsquo;excellence.<\/p>\n<p class=\"p1\">Les \u00e9tudiants de la promo 2016-2017 :<\/p>\n<p class=\"p1\">Adna BIBULJICA<a href=\"http:\/\/cjde.univ-tours.fr\/wp-content\/uploads\/2015\/11\/Adna-Bibuljica-CV-.pdf\"><img loading=\"lazy\" decoding=\"async\" class=\"aligncenter wp-image-289\" src=\"http:\/\/cjde.univ-tours.fr\/wp-content\/uploads\/2015\/11\/Photo-Adna-BIBULJICA.jpg\" width=\"120\" height=\"160\" \/><\/a><\/p>\n<\/div>\n<p class=\"p1\">Aur\u00e9lien POSPIESZYNSKI<br \/>\n<a href=\"http:\/\/cjde.univ-tours.fr\/wp-content\/uploads\/2015\/11\/photo-POSPIESZYNSKI-Aurelien.png\"><img loading=\"lazy\" decoding=\"async\" class=\"aligncenter wp-image-291\" src=\"http:\/\/cjde.univ-tours.fr\/wp-content\/uploads\/2015\/11\/photo-POSPIESZYNSKI-Aurelien.png\" width=\"120\" height=\"161\" \/><\/a> Tiana RAKOTOMALALA<a href=\"http:\/\/cjde.univ-tours.fr\/wp-content\/uploads\/2015\/11\/Photo-Tiana-RAKOTOMALALA.jpg\"><img loading=\"lazy\" decoding=\"async\" class=\"aligncenter wp-image-293\" src=\"http:\/\/cjde.univ-tours.fr\/wp-content\/uploads\/2015\/11\/Photo-Tiana-RAKOTOMALALA.jpg\" width=\"147\" height=\"160\" \/><\/a><\/p>\n<div class=\"entry-content\">\n<p class=\"p1\"><a href=\"http:\/\/cjde.univ-tours.fr\/index.php\/2017\/01\/12\/nos-promos-anterieures-2\/\">Nos promos ant\u00e9rieures<\/a><\/p>\n<p class=\"p1\">\u00a0<strong>\u00a0Les encadrant(e)s :<\/strong><\/p>\n<p class=\"p1\">\n<\/div>\n<div class=\"entry-content\">\n<p class=\"p1\"><a href=\"http:\/\/www.univ-tours.fr\/m-chateigner-frederic-423056.kjsp\">Fr\u00e9d\u00e9ric CHATEIGNER<\/a><\/p>\n<p class=\"p2\"><span class=\"s1\"><a href=\"http:\/\/cjde.univ-tours.fr\/wp-content\/uploads\/2015\/11\/Photo-Frederic-CHATEIGNER.jpg\"><img loading=\"lazy\" decoding=\"async\" class=\"alignleft wp-image-297\" src=\"http:\/\/cjde.univ-tours.fr\/wp-content\/uploads\/2015\/11\/Photo-Frederic-CHATEIGNER.jpg\" width=\"120\" height=\"158\" \/><\/a><\/span><\/p>\n<p class=\"p2\" style=\"text-align: justify;\"><span class=\"s1\">Fr\u00e9d\u00e9ric CHATEIGNER est ma\u00eetre de conf\u00e9rences en science politique \u00e0 l&rsquo;IUT de Tours (universit\u00e9 Fran\u00e7ois-Rabelais) depuis 2014. Ancien \u00e9l\u00e8ve de l&rsquo;\u00c9cole normale sup\u00e9rieure (Paris), il enseigne en particulier la sociologie politique, la sociologie du monde associatif, de la<\/span><span class=\"apple-converted-space\">\u00a0<\/span><span class=\"s1\">culture et des politiques culturelles et \u00e9ducatives. Membre de l&rsquo;\u00e9quipe de recherche CITERES-Cost, il travaille sur l&rsquo;histoire et l&rsquo;actualit\u00e9 de l&rsquo;\u00e9ducation populaire. Au sein de la CDJE, il fournit un appui aux \u00e9tudiant.e.s pour les m\u00e9thodes d&rsquo;enqu\u00eate (conception, entretiens, questionnaires, exploitation).<\/span><\/p>\n<p class=\"p1\">Emilie DELCHER<\/p>\n<p class=\"p1\" style=\"text-align: justify;\"><img loading=\"lazy\" decoding=\"async\" class=\"alignleft wp-image-113\" src=\"http:\/\/cjde.univ-tours.fr\/wp-content\/uploads\/2015\/11\/photo-E.-DELCHER.png\" alt=\"photo E. DELCHER\" width=\"120\" height=\"157\" \/>Ancienne \u00e9tudiante du Master Juriste Europ\u00e9en, \u00c9milie DELCHER est\u00a0d\u00e9sormais doctorante et\u00a0ses recherches portent sur l&rsquo;Espace \u00e9conomique europ\u00e9en. Elle assure \u00e9galement les travaux dirig\u00e9s de droit de l&rsquo;UE en troisi\u00e8me ann\u00e9e de licence. Depuis novembre 2014, \u00c9milie DELCHER\u00a0exerce la profession d&rsquo;Avocate. Inscrite au Barreau de Tours, elle intervient en droit social, droit p\u00e9nal et droit civil. Au sein de la CJDE, \u00c9milie DELCHER participe \u00e0 l&rsquo;encadrement des \u00e9tudiant(e)s.<\/p>\n<p class=\"p1\" style=\"text-align: justify;\">\n<\/div>\n<div class=\"entry-content\">\n<p class=\"p1\" style=\"text-align: left;\">Christine GUILLARD<\/p>\n<p class=\"p1\" style=\"text-align: left;\">\n<\/div>\n<p class=\"p1\" style=\"text-align: justify;\"><img loading=\"lazy\" decoding=\"async\" class=\"alignleft wp-image-222\" src=\"http:\/\/cjde.univ-tours.fr\/wp-content\/uploads\/2015\/11\/CG.png\" alt=\"\" width=\"120\" height=\"173\" \/>Co-directrice du Master II Juriste europ\u00e9en depuis septembre 2016, Christine GUILLARD est docteur en droit public (2003) et ma\u00eetre de conf\u00e9rences de droit public depuis 2005. D&rsquo;abord nomm\u00e9e \u00e0 l&rsquo;universit\u00e9 Paris XII, elle est en poste \u00e0 Tours depuis 2012. Elle enseigne le droit de l&rsquo;Union europ\u00e9enne et le droit administratif, de la licence 1 au master 2. Ses recherches portent notamment sur le statut de l\u2019\u00c9tat membre de l\u2019Union\u00a0 (diff\u00e9renciation, en particulier au sein de l&rsquo;Union \u00e9conomique et mon\u00e9taire et de l&rsquo;espace Schengen, retrait de l&rsquo;UE, r\u00e9partition des comp\u00e9tences&#8230;) et sur le droit public (interne et europ\u00e9en) des affaires. Au sein de la CJDE, Christine GUILLARD\u00a0participe \u00e0 l&rsquo;encadrement des \u00e9tudiant(e)s.<\/p>\n<div class=\"entry-content\">\n<p class=\"p1\">Selma JOSSO<\/p>\n<p class=\"p1\" style=\"text-align: justify;\"><img loading=\"lazy\" decoding=\"async\" class=\"wp-image-259 alignleft\" src=\"http:\/\/cjde.univ-tours.fr\/wp-content\/uploads\/2015\/11\/josso.png\" alt=\"\" width=\"137\" height=\"174\" \/> Docteure en droit de l&rsquo;universit\u00e9 Montpellier I, Selma JOSSO est ma\u00eetre de conf\u00e9rences de droit public de l&rsquo;Universit\u00e9 Fran\u00e7ois-Rabelais de Tours depuis 2013.\u00a0Apr\u00e8s avoir assist\u00e9 \u00e0 un colloque sur \u00ab\u00a0L&rsquo;enseignement clinique du droit\u00a0\u00bb organis\u00e9 par le CrdFed de Caen, elle y suit une formation destin\u00e9e \u00e0\u00a0favoriser la cr\u00e9ation et l&rsquo;implantation durable de Cliniques juridiques dans le paysage universitaire fran\u00e7ais. L&rsquo;occasion lui est ainsi donn\u00e9e de nouer des contacts fructueux avec les repr\u00e9sentants de cliniques juridiques de Montr\u00e9al, Berkeley, New York, Gen\u00e8ve, Madrid, Caen ou Bruxelles. Selma JOSSO\u00a0est responsable de la CJDE de Tours depuis septembre\u00a02015.<\/p>\n<p class=\"p1\">Ma\u00ebl LEMOINE<\/p>\n<p class=\"p1\" style=\"text-align: justify;\"><img loading=\"lazy\" decoding=\"async\" class=\"alignleft wp-image-114\" src=\"http:\/\/cjde.univ-tours.fr\/wp-content\/uploads\/2015\/11\/Mael-Lemoine-2.jpg\" alt=\"Mael Lemoine (2)\" width=\"120\" height=\"160\" \/>Ma\u00ebl LEMOINE est ma\u00eetre de conf\u00e9rences en philosophie des sciences biom\u00e9dicales \u00e0 l\u2019UFR de m\u00e9decine de l\u2019Universit\u00e9 Fran\u00e7ois-Rabelais de Tours. Il travaille notamment sur certains aspects de la d\u00e9cision m\u00e9dicale et l\u2019impact des innovations technologiques et scientifiques sur le mode de raisonnement m\u00e9dical. Dans le cadre de la CJDE, il anime le\u00a0s\u00e9minaire \u00ab\u00a0\u00c9thique, d\u00e9ontologie et droit\u00a0\u00bb.<\/p>\n<p class=\"p1\" style=\"text-align: justify;\">\n<\/div>\n<p class=\"p1\">Colombine MADELAINE<\/p>\n<div class=\"entry-content\">\n<p class=\"p1\" style=\"text-align: justify;\"><a href=\"http:\/\/cjde.univ-tours.fr\/wp-content\/uploads\/2015\/11\/colombine-madelaine-janvier-2017.jpg\"><img loading=\"lazy\" decoding=\"async\" class=\"alignleft wp-image-312\" src=\"http:\/\/cjde.univ-tours.fr\/wp-content\/uploads\/2015\/11\/colombine-madelaine-janvier-2017.jpg\" width=\"128\" height=\"166\" \/><\/a>Apr\u00e8s avoir soutenu une th\u00e8se de doctorat en 2012 sur \u00ab\u00a0la technique des obligations positives en droit de la Convention europ\u00e9enne des droits de l&rsquo;homme\u00a0\u00bb, Colombine MADELAINE a \u00e9t\u00e9 r\u00e9f\u00e9rendaire \u00e0 la Cour EDH pendant un an et neuf mois. Ma\u00eetre de conf\u00e9rences en droit public \u00e0 l&rsquo;Universit\u00e9 Fran\u00e7ois-Rabelais de Tours depuis septembre 2014, elle poursuit d\u00e9sormais ses activit\u00e9s de recherche sur la Cour EDH et s&rsquo;int\u00e9resse \u00e9galement aux rapports qu&rsquo;entretient cette derni\u00e8re avec les juridictions internes et la CJUE.<\/p>\n<p class=\"p1\" style=\"text-align: justify;\">\n<\/div>\n<div class=\"entry-content\">\n<p class=\"p1\" style=\"text-align: left;\">Pierre-Yves MONJAL\u00a0&#8211; Chaire Jean Monnet<\/p>\n<p class=\"p1\" style=\"text-align: justify;\"><img loading=\"lazy\" decoding=\"async\" class=\"alignleft wp-image-221\" src=\"http:\/\/cjde.univ-tours.fr\/wp-content\/uploads\/2015\/11\/PYM-1.png\" alt=\"\" width=\"120\" height=\"140\" \/>Pierre-Yves MONJAL est professeur de droit public de l&rsquo;universit\u00e9 Fran\u00e7ois-Rabelais de Tours, titulaire de la Chaire Jean Monnet et co-directeur de l&rsquo;IRJI. Mobilis\u00e9 d\u00e8s la cr\u00e9ation de la CJDE,\u00a0il a travaill\u00e9 activement \u00e0 sa conception et son inscription dans l&rsquo;offre de formation. Pierre-Yves MONJAL anime \u00e9galement des s\u00e9minaires au sein de la Clinique.<\/p>\n<p>&nbsp;<\/p>\n<p class=\"p1\" style=\"text-align: justify;\">S\u00e9bastien ROLAND<\/p>\n<p class=\"p1\" style=\"text-align: justify;\"><a href=\"http:\/\/cjde.univ-tours.fr\/wp-content\/uploads\/2015\/11\/Sebastien-Roland-232x300.jpg\"><img loading=\"lazy\" decoding=\"async\" class=\"alignleft wp-image-309\" src=\"http:\/\/cjde.univ-tours.fr\/wp-content\/uploads\/2015\/11\/Sebastien-Roland-232x300.jpg\" width=\"128\" height=\"166\" \/><\/a>Professeur de droit public sp\u00e9cialis\u00e9 en droit de l\u2019Union europ\u00e9enne, S\u00e9bastien ROLAND est nomm\u00e9 \u00e0 l\u2019Universit\u00e9 Fran\u00e7ois-Rabelais de Tours en\u00a0septembre 2016. Membre du Conseil d\u2019administration et Secr\u00e9taire g\u00e9n\u00e9ral de la CEDECE \u2013 Association d\u2019Etudes europ\u00e9ennes \u2013 et de diff\u00e9rents r\u00e9seaux de recherches, ses travaux portent principalement sur la nature de l\u2019Union europ\u00e9enne ainsi que son r\u00e9gime politique. D\u00e8s son arriv\u00e9e, et en tant que co-Directeur du M2 Juriste europ\u00e9en, il s\u2019int\u00e9resse \u00e0 la Clinique \u2013 dont le concept lui \u00e9tait inconnu \u2013 au point de devenir l\u2019un des co-encadrants de la promotion 2016-2017.<\/p>\n<\/div>\n<div class=\"entry-content\">\n<p class=\"p1\">Jean ROSSETTO<\/p>\n<p class=\"p1\" style=\"text-align: justify;\"><img loading=\"lazy\" decoding=\"async\" class=\"alignleft wp-image-122\" src=\"http:\/\/cjde.univ-tours.fr\/wp-content\/uploads\/2015\/11\/DSC_0024-001-recadree-pour-CJDE.jpg\" alt=\"Jean ROSSETTO\" width=\"120\" height=\"149\" \/> Jean ROSSETTO \u00e9tait Professeur \u00e9m\u00e9rite \u00e0 l\u2019Universit\u00e9 Fran\u00e7ois-Rabelais de Tours depuis 2015. Ses travaux ont concern\u00e9 le droit constitutionnel (th\u00e8se de doctorat) et le droit de l\u2019Union europ\u00e9enne (manuel en cette discipline publi\u00e9 \u00e0 LGDJ en collaboration avec le Professeur Berramdane). Agr\u00e9g\u00e9 de droit public, il a \u00e9t\u00e9 doyen de la Facult\u00e9 de droit, sciences \u00e9conomiques et sociales de l\u2019Universit\u00e9 de Tours (1998-2003). Il a \u00e9galement dirig\u00e9 l\u2019\u00e9quipe de recherche de cette Universit\u00e9 en droit europ\u00e9en (GERCIE \u2013 EA 2110 de 1996 \u00e0 2012). Il a \u00e9t\u00e9 directeur de l\u2019Ecole doctorale \u00ab Sciences de l\u2019Homme et de la Soci\u00e9t\u00e9 \u00bb de l\u2019Universit\u00e9 de Tours (2004-2012). Dans le cadre de la CJDE, il animait des s\u00e9minaires portant sur la th\u00e9matique trait\u00e9e par les \u00e9tudiants. Sans son soutien, la clinique juridique n&rsquo;aurait pu \u00eatre cr\u00e9\u00e9e.<\/p>\n<\/div>\n","protected":false},"excerpt":{"rendered":"<p>Les \u00e9tudiant(e)s : Issu(e)s du Master II Juriste europ\u00e9en, les \u00e9tudiant(e)s de la CJDE sont s\u00e9lectionn\u00e9(e)s\u00a0sur dossier (CV et lettre de motivation) puis entretien. Au-del\u00e0 du strict contr\u00f4le des comp\u00e9tences, l&rsquo;objectif de ces s\u00e9lections est de permettre aux \u00e9tudiant(e)s de montrer\u00a0leur compr\u00e9hension des cliniques, leur capacit\u00e9 \u00e0 travailler en groupe sur un projet de long &hellip; <a href=\"https:\/\/cjde.univ-tours.fr\/index.php\/une-innovation-pedagogique\/\" class=\"more-link\">Continuer la lecture<span class=\"screen-reader-text\"> de &laquo;&nbsp;Qui sommes-nous ?&nbsp;&raquo;<\/span><\/a><\/p>\n","protected":false},"author":1,"featured_media":0,"parent":0,"menu_order":1,"comment_status":"closed","ping_status":"closed","template":"","meta":{"footnotes":""},"class_list":["post-7","page","type-page","status-publish","hentry"],"_links":{"self":[{"href":"https:\/\/cjde.univ-tours.fr\/index.php\/wp-json\/wp\/v2\/pages\/7","targetHints":{"allow":["GET"]}}],"collection":[{"href":"https:\/\/cjde.univ-tours.fr\/index.php\/wp-json\/wp\/v2\/pages"}],"about":[{"href":"https:\/\/cjde.univ-tours.fr\/index.php\/wp-json\/wp\/v2\/types\/page"}],"author":[{"embeddable":true,"href":"https:\/\/cjde.univ-tours.fr\/index.php\/wp-json\/wp\/v2\/users\/1"}],"replies":[{"embeddable":true,"href":"https:\/\/cjde.univ-tours.fr\/index.php\/wp-json\/wp\/v2\/comments?post=7"}],"version-history":[{"count":64,"href":"https:\/\/cjde.univ-tours.fr\/index.php\/wp-json\/wp\/v2\/pages\/7\/revisions"}],"predecessor-version":[{"id":351,"href":"https:\/\/cjde.univ-tours.fr\/index.php\/wp-json\/wp\/v2\/pages\/7\/revisions\/351"}],"wp:attachment":[{"href":"https:\/\/cjde.univ-tours.fr\/index.php\/wp-json\/wp\/v2\/media?parent=7"}],"curies":[{"name":"wp","href":"https:\/\/api.w.org\/{rel}","templated":true}]}}